{"id":339,"date":"2025-05-08T15:30:18","date_gmt":"2025-05-08T15:30:18","guid":{"rendered":"https:\/\/homologacao.jalaspa.com.br\/?post_type=product&#038;p=339"},"modified":"2025-08-20T23:50:53","modified_gmt":"2025-08-20T23:50:53","slug":"ritual-zen","status":"publish","type":"product","link":"https:\/\/homologacao.jalaspa.com.br\/index.php\/produto\/ritual-zen\/","title":{"rendered":"Ritual Zen"},"content":{"rendered":"<p>O Ritual Zen \u00e9 uma experi\u00eancia completa que promove reconex\u00e3o com a sua ess\u00eancia, trazendo paz, equil\u00edbrio e leveza. <\/p>\n<p>Com dura\u00e7\u00e3o total de 2 horas e 15 minutos, come\u00e7a com 30 minutos de banho quente de imers\u00e3o na banheira de hidromassagem, com \u00e1gua a 36 \u00baC\u201338 \u00baC, sais de banho e espuma italiana, que ajudam a relaxar profundamente e preparar o corpo. <\/p>\n<p>Na sequ\u00eancia, 30 minutos de spa dos p\u00e9s, incluindo escalda-p\u00e9s, massagem podal, esfolia\u00e7\u00e3o e hidrata\u00e7\u00e3o, revitalizam e estimulam pontos energ\u00e9ticos. <\/p>\n<p>Para finalizar, 75 minutos de massagem com pedras quentes aliviam tens\u00f5es musculares, melhoram a circula\u00e7\u00e3o e induzem um estado de relaxamento intenso.<\/p>\n<p>Agende o Ritual Zen e experimente equil\u00edbrio e renova\u00e7\u00e3o.<\/p>\n","protected":false},"excerpt":{"rendered":"<p><b>Por pessoa *Necess\u00e1rio trazer roupa de banho ** Consulte op\u00e7\u00f5es de cestas<\/b><\/p>\n","protected":false},"featured_media":388,"comment_status":"closed","ping_status":"closed","template":"","meta":[],"product_brand":[],"product_cat":[21,44],"product_tag":[],"class_list":{"0":"post-339","1":"product","2":"type-product","3":"status-publish","4":"has-post-thumbnail","6":"product_cat-todos","7":"product_cat-rituais-2","9":"first","10":"instock","11":"sale","12":"taxable","13":"shipping-taxable","14":"purchasable","15":"product-type-simple"},"_links":{"self":[{"href":"https:\/\/homologacao.jalaspa.com.br\/index.php\/wp-json\/wp\/v2\/product\/339","targetHints":{"allow":["GET"]}}],"collection":[{"href":"https:\/\/homologacao.jalaspa.com.br\/index.php\/wp-json\/wp\/v2\/product"}],"about":[{"href":"https:\/\/homologacao.jalaspa.com.br\/index.php\/wp-json\/wp\/v2\/types\/product"}],"replies":[{"embeddable":true,"href":"https:\/\/homologacao.jalaspa.com.br\/index.php\/wp-json\/wp\/v2\/comments?post=339"}],"wp:featuredmedia":[{"embeddable":true,"href":"https:\/\/homologacao.jalaspa.com.br\/index.php\/wp-json\/wp\/v2\/media\/388"}],"wp:attachment":[{"href":"https:\/\/homologacao.jalaspa.com.br\/index.php\/wp-json\/wp\/v2\/media?parent=339"}],"wp:term":[{"taxonomy":"product_brand","embeddable":true,"href":"https:\/\/homologacao.jalaspa.com.br\/index.php\/wp-json\/wp\/v2\/product_brand?post=339"},{"taxonomy":"product_cat","embeddable":true,"href":"https:\/\/homologacao.jalaspa.com.br\/index.php\/wp-json\/wp\/v2\/product_cat?post=339"},{"taxonomy":"product_tag","embeddable":true,"href":"https:\/\/homologacao.jalaspa.com.br\/index.php\/wp-json\/wp\/v2\/product_tag?post=339"}],"curies":[{"name":"wp","href":"https:\/\/api.w.org\/{rel}","templated":true}]}}