{"id":344,"date":"2025-05-08T15:30:18","date_gmt":"2025-05-08T15:30:18","guid":{"rendered":"https:\/\/homologacao.jalaspa.com.br\/?post_type=product&#038;p=344"},"modified":"2025-08-21T00:00:32","modified_gmt":"2025-08-21T00:00:32","slug":"mapa-natal-revolucao-solar","status":"publish","type":"product","link":"https:\/\/homologacao.jalaspa.com.br\/index.php\/produto\/mapa-natal-revolucao-solar\/","title":{"rendered":"Mapa Natal\/Revolu\u00e7\u00e3o Solar"},"content":{"rendered":"<p>O Mapa Natal \u00e9 uma representa\u00e7\u00e3o detalhada do c\u00e9u no momento exato do seu nascimento, mostrando a posi\u00e7\u00e3o dos planetas, signos e casas astrol\u00f3gicas. <\/p>\n<p>Ele oferece uma vis\u00e3o profunda sobre sua personalidade, potenciais, desafios e caminhos de vida, ajudando a compreender melhor suas escolhas e tend\u00eancias. <\/p>\n<p>J\u00e1 a Revolu\u00e7\u00e3o Solar analisa o movimento dos astros no seu novo ciclo anual, revelando oportunidades, aprendizados e pontos de aten\u00e7\u00e3o para o per\u00edodo. <\/p>\n<p>Com <strong>75 minutos<\/strong><strong> de dura\u00e7\u00e3o, \u00e9 um atendimento personalizado que traz clareza e direcionamento para decis\u00f5es importantes e para seu autoconhecimento.<\/p>\n<p>Agende sua consulta e descubra como a astrologia pode iluminar seu caminho e potencializar seu pr\u00f3ximo ciclo.<\/p>\n","protected":false},"excerpt":{"rendered":"<p><b>Dura\u00e7\u00e3o: 75min<\/b><\/p>\n","protected":false},"featured_media":399,"comment_status":"closed","ping_status":"closed","template":"","meta":[],"product_brand":[],"product_cat":[21,45],"product_tag":[],"class_list":{"0":"post-344","1":"product","2":"type-product","3":"status-publish","4":"has-post-thumbnail","6":"product_cat-todos","7":"product_cat-terapias-2","9":"first","10":"instock","11":"taxable","12":"shipping-taxable","13":"purchasable","14":"product-type-simple"},"_links":{"self":[{"href":"https:\/\/homologacao.jalaspa.com.br\/index.php\/wp-json\/wp\/v2\/product\/344","targetHints":{"allow":["GET"]}}],"collection":[{"href":"https:\/\/homologacao.jalaspa.com.br\/index.php\/wp-json\/wp\/v2\/product"}],"about":[{"href":"https:\/\/homologacao.jalaspa.com.br\/index.php\/wp-json\/wp\/v2\/types\/product"}],"replies":[{"embeddable":true,"href":"https:\/\/homologacao.jalaspa.com.br\/index.php\/wp-json\/wp\/v2\/comments?post=344"}],"wp:featuredmedia":[{"embeddable":true,"href":"https:\/\/homologacao.jalaspa.com.br\/index.php\/wp-json\/wp\/v2\/media\/399"}],"wp:attachment":[{"href":"https:\/\/homologacao.jalaspa.com.br\/index.php\/wp-json\/wp\/v2\/media?parent=344"}],"wp:term":[{"taxonomy":"product_brand","embeddable":true,"href":"https:\/\/homologacao.jalaspa.com.br\/index.php\/wp-json\/wp\/v2\/product_brand?post=344"},{"taxonomy":"product_cat","embeddable":true,"href":"https:\/\/homologacao.jalaspa.com.br\/index.php\/wp-json\/wp\/v2\/product_cat?post=344"},{"taxonomy":"product_tag","embeddable":true,"href":"https:\/\/homologacao.jalaspa.com.br\/index.php\/wp-json\/wp\/v2\/product_tag?post=344"}],"curies":[{"name":"wp","href":"https:\/\/api.w.org\/{rel}","templated":true}]}}